uppose 2*i - 8 + 1 = -3*m, -f*i + 21 = -m. Suppose i*s - 42 - 53 = 0. What is the units digit of s?
9
Let h be (-22)/(-77) - ((-3944)/14 + -2). Let j = h - 135. What is the units digit of j?
9
Let x(d) = -d**2 + 7*d - 6. Let h be x(5). Let c = h + 5. Let z = c + 4. What is the tens digit of z?
1
Let n be (-8)/(-3) + 42/(-63). Suppose -n*g + 3*x + 0*x + 111 = 0, 2*x = -3*g + 186. What is the units digit of g?
0
Suppose j - 5*j + 24 = 0. Let m = j + -2. Suppose 27 = m*p - 101. What is the tens digit of p?
3
Let n = -8 - -11. Suppose 4*s = n*s. Suppose 0 = b + 3*b + 5*t - 104, 2*b + 3*t - 52 = s. What is the tens digit of b?
2
Suppose 4*h - 11775 = c, -14903 = -5*h - 4*c - 158. What is the tens digit of h?
4
Let l = -54 + 57. What is the hundreds digit of l/(-4 - (-1893)/471)?
1
Let d(j) be the first derivative of -j**3/3 + 21*j**2/2 + 22*j - 17. What is the tens digit of d(14)?
2
Suppose 3*n + 4*t = 239, 0*n - n + 4*t + 85 = 0. Let i = n - 37. Suppose -36 = -4*d + i. What is the units digit of d?
0
Let t(z) = -2*z + 4. Let v be -3 + -3 + 3 + 3. Let k be t(v). Suppose y = -y + 4*x + 58, k*y + x - 71 = 0. What is the tens digit of y?
1
Suppose 0 = 3*x - 2*a - 2574, 6*a - 1715 = -2*x + 7*a. What is the tens digit of x?
5
Let y(a) = 0*a + a - 1 + 0*a + 59*a**3 + 17*a**3. What is the tens digit of y(1)?
7
Suppose -1738 = -m - r, -7*m + 2*m + 8681 = 2*r. What is the units digit of m?
5
Suppose 5*b - 3*d = 5400, -42*d = -45*d. What is the thousands digit of b?
1
What is the tens digit of (4 + 574/(-21))/((-2)/24)?
8
Let l be (0 - 6)/(0 + -1). Suppose -5*j = -l*j + 35. Suppose -5*q + 10*q = j. What is the units digit of q?
7
Suppose -17*f + 30*f = 19318. What is the units digit of f?
6
Suppose 0 = -5*f - 3*m + 7*m + 460, -15 = 3*m. Let u = f - 31. What is the units digit of u?
7
Let g(k) = k + 1. Let s be g(1). Suppose 10 = s*n - 5*p, 4 = -2*n - 4*p - 4. Suppose -2*z - 4 = 0, 4*c = -n*z - 3*z + 46. What is the tens digit of c?
1
Let l(d) = -d**3 - d + 207. Let v be l(0). Let q = -10 + v. What is the units digit of q?
7
Suppose 3*u = -2*b + 4*u + 792, u - 1980 = -5*b. Suppose l - b = -2*l. What is the tens digit of l?
3
Let x = -1416 - -2045. What is the hundreds digit of x?
6
Let c(o) = -15*o - 11. Let g be c(-7). Suppose 6 + g = 4*d. What is the tens digit of d?
2
Let i be (0 - (2 - 3)) + -1. Suppose i = -2*r + 121 - 27. What is the tens digit of r?
4
Let r(h) be the first derivative of -5*h**2 - 8*h - 5. Let n be r(12). What is the units digit of ((-2)/(-4))/((-8)/n)?
8
Suppose -6*y = -1079 - 43. What is the tens digit of y?
8
Let n(u) = -62*u**3 - 1. What is the tens digit of n(-1)?
6
Let n(c) = -29*c + 22. What is the tens digit of n(-36)?
6
Let j(l) = -24*l**2 - 3 + 0 - l + 4*l + 0. Let z be j(1). What is the tens digit of ((-8)/z)/(1/54)?
1
Let y(z) = -27*z + 35. Let v be y(-11). Suppose -2*q - 78 + v = 0. What is the units digit of q?
7
Suppose -2*j - 994 = -4*k, -2*k - 3*k = 3*j - 1215. What is the tens digit of k?
4
Let o(v) = 2*v + 32. Let n be o(-14). Let c = n + 3. What is the units digit of c?
7
Let y(m) = 11*m**2 - 38*m + 2. Let u(f) = 7*f**2 - 25*f + 1. Let s(i) = -8*u(i) + 5*y(i). Let x be (-13)/(-2) + 1/2. What is the units digit of s(x)?
3
Let h(x) = 21*x**2 + 2*x + 5. Let z(y) = y**2 - 15*y - 36. Let d be z(17). What is the tens digit of h(d)?
8
Let g = -6 - -8. Suppose -3*j - g*j + 140 = 0. What is the tens digit of j?
2
Suppose -2*p + 296 = 3*k, 0*k - 3*k + 2*p + 292 = 0. Suppose 4*t = -4*z - k - 30, 4*z + 54 = -2*t. Let m = -13 - t. What is the tens digit of m?
2
Suppose -5*d + 17*z + 9802 = 19*z, 2*d - 3940 = 4*z. What is the thousands digit of d?
1
Suppose 0 = 2*f - 3*j - 1545, 7*f + 3*j - 3135 = 3*f. What is the tens digit of f?
8
Let i(q) = -q**3 + q**2 + 10*q - 15. What is the units digit of i(2)?
1
Let k = 4 - 2. Let x = 30 - 28. Suppose 39 = i + 3*s, -74 = -k*i - 3*s - x*s. What is the tens digit of i?
2
Let q(k) = -k**3 + 9*k**2 + 2*k + 16. Let v(d) = 2*d**3 - 19*d**2 - 5*d - 32. Let g(c) = 5*q(c) + 2*v(c). What is the units digit of g(6)?
2
Suppose -3*l + 3*s = 123 + 153, 266 = -3*l - 2*s. Let m = l - -54. What is the tens digit of 6/27 - 820/m?
2
Let c(d) = 6*d + 98. Let g be c(-16). Suppose 0 = 6*z - 2*z + m - 181, -g*z - m + 93 = 0. What is the units digit of z?
4
Let k(o) = -o**3 - 10*o**2 - 10*o + 7. Let z be k(-9). Suppose 3*d + p - 74 = 0, -z = -4*p + 4. What is the units digit of d?
3
What is the thousands digit of 165/5*40 - (4 - 4)?
1
Suppose -6*t + 2*t = 0. Suppose t = -f + 1 + 28. What is the units digit of f?
9
Let d(i) = -2*i**2 - 31*i - 42. Let p(h) = 3*h**2 + 46*h + 63. Let g(j) = 7*d(j) + 5*p(j). What is the units digit of g(-13)?
1
Suppose a + 6 = -9. Let l = a + 23. What is the units digit of l?
8
Let y(g) = 10*g**2 - 11*g**2 - g**3 - 3*g**2 - g. Let o be y(-4). Suppose 4*n - 152 = 2*x, 0*x = n + o*x - 56. What is the units digit of n?
0
Suppose 57*s = 44928 + 111480. What is the thousands digit of s?
2
Suppose z - 5*v + 0*v + 23 = 0, 0 = 3*z + v + 21. Let o be z/(-10) - (-2982)/35. Suppose -4*w = -3*r - o, 5*w + 4*r = -r + 125. What is the tens digit of w?
2
Let s be 1052/6 - (-4)/6. Suppose 506 = 5*m + s. What is the units digit of m?
6
Let u(n) = -n**3 - 2*n**2 + 3*n + 24. Let x(m) = -3*m**3 - 5*m**2 + 7*m + 48. Let t(l) = 5*u(l) - 2*x(l). What is the tens digit of t(0)?
2
Let n(c) = -2*c + 1 + 4 - 9*c. Let s be n(-3). Suppose 3*g - s = g. What is the units digit of g?
9
Suppose 5*u - 7*t - 2080 = -2*t, -u = 2*t - 401. What is the units digit of u?
1
Let v(z) = z**2 - 10*z - 5. Let u be v(-9). Let t be (u/4)/(1/2). Let k = -52 + t. What is the units digit of k?
1
Suppose 9*t - 3 = 3*r + 6*t, 0 = -4*t - 16. What is the hundreds digit of (-400)/r*4 + 4/(-2)?
3
Suppose 3*n - 1322 = 5*j, 3*n - 1318 = -4*j + 8*j. What is the hundreds digit of n?
4
Suppose 16*q - 6641 = 1807. What is the hundreds digit of q?
5
Suppose 6*z = -0*z + 42. Suppose -11*r = -z*r - 852. What is the units digit of r?
3
What is the units digit of (-264 + 0)/(28/(-42))?
6
Let k(s) = s**3 + s + 228. Let o = -8 + 8. What is the units digit of k(o)?
8
Suppose 3*j + 0*c - 221 = 2*c, 2*j + 5*c = 160. Let a be 15/4 - (-4)/16. Suppose -a*o + j = -o. What is the units digit of o?
5
Let j(l) = -13*l**2 + 17*l + 15. Let v(x) = -6*x**2 + 8*x + 7. Let t(p) = 4*j(p) - 9*v(p). What is the hundreds digit of t(9)?
1
Let j(n) = 19*n + 4. Let y be j(2). Let u(b) = b**3 - 6*b**2 - 2*b. Let z be u(6). What is the tens digit of z/(7/(y/(-4)))?
1
Let w be ((-9)/(-2))/((-3)/(-8)). Suppose -7*a - 5 = -w*a. What is the units digit of (4/(-12))/(a/(-6))?
2
Let g = -17 - -20. Suppose -p + 27 = g. Suppose -3*f + 36 = -p. What is the tens digit of f?
2
Suppose -21 = -5*g + 279. Suppose -6*t - g = -t. Let k = t - -16. What is the units digit of k?
4
Let g(y) be the second derivative of y**5/20 + 3*y**4/2 - 4*y**3 + 14*y**2 - 13*y. What is the tens digit of g(-19)?
2
Let c = -409 + 468. What is the units digit of c?
9
Suppose 7980 = 5*z - 6480. What is the units digit of z?
2
Let m(x) = 296*x + 262. What is the tens digit of m(10)?
2
Let d(h) = h**3 - 9*h**2 - 10*h + 3. Let z be 2/9 - (-536)/18. Suppose 5*q - 3*c - c - z = 0, 0 = 2*c - 10. What is the units digit of d(q)?
3
Suppose -131 = -5*c + 199. Let a be 15*3*(-2 - -1). Let n = c + a. What is the tens digit of n?
2
Suppose -3*m + 2 = -7. Suppose 0 = -m*f + 6*f + 15. Let c(h) = 2*h**2 + 6*h - 6. What is the units digit of c(f)?
4
Suppose 0 = -5*i - 154 - 71. Let l = 52 + i. What is the units digit of l?
7
Let u = 3627 - 1294. What is the units digit of u?
3
Let q = -228 + 281. What is the tens digit of q?
5
Suppose -6*q + 1733 = -253. What is the hundreds digit of q?
3
Suppose -k = -2*q - 0*k + 3, 0 = q + 4*k - 15. What is the units digit of q/9 - 4/(24/(-262))?
4
Let u = -1328 - -2547. What is the tens digit of u?
1
Let n(w) = -w**2 + 2*w - 1. Let g be n(2). Let o be (137 - 1)*g/(-2). What is the tens digit of o/((4 - 7) + 5)?
3
Let b = 13 - 18. Let f = b - -8. Suppose 5*c + h - 157 = 0, -2*c + 3*h = f*c - 169. What is the tens digit of c?
3
Let z(r) = -2*r - 28. Let i be z(-16). Suppose 58 = i*f - 186. What is the units digit of f?
1
What is the tens digit of (-34)/170 - ((-772)/10 - 1)?
7
Let b(w) = 11*